{"id":1163,"date":"2019-08-14T21:59:11","date_gmt":"2019-08-14T19:59:11","guid":{"rendered":"http:\/\/www.cdxp.cz\/?page_id=1163"},"modified":"2024-08-30T12:49:08","modified_gmt":"2024-08-30T10:49:08","slug":"abcd-2019","status":"publish","type":"page","link":"https:\/\/www.cdxp.cz\/?page_id=1163","title":{"rendered":"San Andres 2019"},"content":{"rendered":"\n<p><strong>Latest news<\/strong> you can find at the &nbsp;<strong>facebook Czech DX pedition group.<\/strong><\/p>\n\n\n\n<p><\/p>\n\n\n\n<figure class=\"wp-block-image is-resized\"><img loading=\"lazy\" decoding=\"async\" src=\"http:\/\/www.cdxp.cz\/wp-content\/uploads\/2019\/08\/Screenshot-2019-08-14-at-22.34.39-979x1024.png\" alt=\"\" class=\"wp-image-1170\" width=\"420\" height=\"439\" srcset=\"https:\/\/www.cdxp.cz\/wp-content\/uploads\/2019\/08\/Screenshot-2019-08-14-at-22.34.39-979x1024.png 979w, https:\/\/www.cdxp.cz\/wp-content\/uploads\/2019\/08\/Screenshot-2019-08-14-at-22.34.39-287x300.png 287w, https:\/\/www.cdxp.cz\/wp-content\/uploads\/2019\/08\/Screenshot-2019-08-14-at-22.34.39-768x803.png 768w, https:\/\/www.cdxp.cz\/wp-content\/uploads\/2019\/08\/Screenshot-2019-08-14-at-22.34.39.png 998w\" sizes=\"auto, (max-width: 420px) 100vw, 420px\" \/><figcaption>IOTA:&nbsp; NA-033        LOC:&nbsp; EK92dl<\/figcaption><\/figure>\n\n\n\n<p><\/p>\n\n\n\n<div class=\"wp-block-image\"><figure class=\"alignleft is-resized\"><img loading=\"lazy\" decoding=\"async\" src=\"http:\/\/www.cdxp.cz\/wp-content\/uploads\/2019\/08\/Screenshot-2019-08-14-at-22.39.45-1024x682.png\" alt=\"\" class=\"wp-image-1173\" width=\"173\" height=\"115\" srcset=\"https:\/\/www.cdxp.cz\/wp-content\/uploads\/2019\/08\/Screenshot-2019-08-14-at-22.39.45-1024x682.png 1024w, https:\/\/www.cdxp.cz\/wp-content\/uploads\/2019\/08\/Screenshot-2019-08-14-at-22.39.45-300x200.png 300w, https:\/\/www.cdxp.cz\/wp-content\/uploads\/2019\/08\/Screenshot-2019-08-14-at-22.39.45-768x511.png 768w\" sizes=\"auto, (max-width: 173px) 100vw, 173px\" \/><\/figure><\/div>\n\n\n\n<p><strong>Dates:<\/strong>&nbsp; Arrival : October 15th , Departure :October &nbsp;28th<\/p>\n\n\n\n<p><strong>On air<\/strong>&nbsp;<strong>approx:<\/strong>&nbsp;limited\/building up October 15.-16., full operation planned from 17th&nbsp;till 27th (CQ WW included), dismantling 27.-28., departure on October 29th. early morning<\/p>\n\n\n\n<h5 class=\"wp-block-heading\"><strong>Call sign:<\/strong>&nbsp; 5K0K 2019<\/h5>\n\n\n\n<p><strong>Operators: <\/strong>Petr OK1BOA, Petr OK1FCJ, Palo OK1CRM, Pavel OK1GK , Ruda OK2ZA, Ludek OK2ZC, Karel OK2ZI, David OK6DJ, Roberto HK3CW<br><\/p>\n\n\n\n<p><strong>Operation modes: &nbsp;<\/strong>SSB, CW, RTTY (incl FT8)<\/p>\n\n\n\n<div class=\"wp-block-file\"><a href=\"http:\/\/www.cdxp.cz\/wp-content\/uploads\/2019\/10\/5K0K_FT8_guide-2.pdf\">5K0K_FT8_guide<\/a><a href=\"http:\/\/www.cdxp.cz\/wp-content\/uploads\/2019\/10\/5K0K_FT8_guide-2.pdf\" class=\"wp-block-file__button\" download>Download<\/a><\/div>\n\n\n\n<div class=\"wp-block-file\"><a href=\"http:\/\/www.cdxp.cz\/wp-content\/uploads\/2019\/10\/5K0K-Guideline-JA.pdf\">5K0K \u306e FT8 \u904b\u7528\u30ac\u30a4\u30c9\u30e9\u30a4\u30f3(\u91cd\u8981)<\/a><a href=\"http:\/\/www.cdxp.cz\/wp-content\/uploads\/2019\/10\/5K0K-Guideline-JA.pdf\" class=\"wp-block-file__button\" download>Download<\/a><\/div>\n\n\n\n<p><strong>Radios:<\/strong>&nbsp;Elecraft K3 5x , Kenwood TS480HX 3x&nbsp;&nbsp;<strong>PA:<\/strong>&nbsp; JUMA PA1000 5x&nbsp;&nbsp;<strong>Antennas:<\/strong><strong>&nbsp;6m&nbsp;&nbsp;<\/strong>4el. YAGI<strong>,&nbsp; 10-15-20 incl WARC<\/strong>&nbsp;3 x Spiderbeam, 17\/12m 2el. YAGI,&nbsp;<strong>2x 30m&nbsp;<\/strong>phased verticals<strong>&nbsp;<\/strong>, 2x<strong>40m&nbsp;<\/strong>phased verticals,&nbsp;&nbsp;<strong>80m&nbsp;&nbsp;<\/strong>vertical + 10 pcs radials,&nbsp;<strong>160&nbsp;<\/strong>vertical +10pcs radials RX: 3x Beverage + RX vertical&nbsp;&nbsp;<strong>Focus on low bands<\/strong><\/p>\n\n\n\n<p><\/p>\n\n\n\n<p><\/p>\n\n\n\n<p><strong>QSL<\/strong> via <strong>OK6DJ<\/strong>, OQRS, LOTW.<\/p>\n\n\n\n<p><strong>OK6DJ QRZ address<\/strong>: David Beran, Dolni Kamenice 55, Holysov 34562, Czech Republic.\n\nHelp us reach our goal. Donate the DXpedition via paypal. Do not forget to provide your NAME and CALLSIGN and Email when donating:\n\n<\/p>\n\n\n\n<p>E-mail:&nbsp;<strong><a href=\"mailto:antsat@atlas.cz\">antsat (at) atlas (dot) cz<\/a>&nbsp;<\/strong><\/p>\n\n\n\n<figure class=\"wp-block-image\"><a href=\"http:\/\/www.qsodirector.com\/event\/5k0k\/\"><img loading=\"lazy\" decoding=\"async\" width=\"300\" height=\"62\" src=\"http:\/\/www.cdxp.cz\/wp-content\/uploads\/2017\/04\/Screen-Shot-2017-04-12-at-21.03.58-300x62.png\" alt=\"\" class=\"wp-image-803\" srcset=\"https:\/\/www.cdxp.cz\/wp-content\/uploads\/2017\/04\/Screen-Shot-2017-04-12-at-21.03.58-300x62.png 300w, https:\/\/www.cdxp.cz\/wp-content\/uploads\/2017\/04\/Screen-Shot-2017-04-12-at-21.03.58.png 748w\" sizes=\"auto, (max-width: 300px) 100vw, 300px\" \/><\/a><\/figure>\n\n\n\n<p>We will use&nbsp;<br>Thank you to QSO Director authors SA6MIW, Martin&nbsp;TF8KY, Keli<br><\/p>\n\n\n<p><a href=\"http:\/\/dxtrophy.jimdo.com\" target=\"_blank\" rel=\"noopener noreferrer\"><img loading=\"lazy\" decoding=\"async\" class=\"alignnone wp-image-995 size-thumbnail\" src=\"http:\/\/www.cdxp.cz\/wp-content\/uploads\/2018\/02\/FB_IMG_1522230639548-150x150.jpg\" alt=\"\" width=\"150\" height=\"150\" srcset=\"https:\/\/www.cdxp.cz\/wp-content\/uploads\/2018\/02\/FB_IMG_1522230639548-150x150.jpg 150w, https:\/\/www.cdxp.cz\/wp-content\/uploads\/2018\/02\/FB_IMG_1522230639548-300x300.jpg 300w, https:\/\/www.cdxp.cz\/wp-content\/uploads\/2018\/02\/FB_IMG_1522230639548.jpg 720w\" sizes=\"auto, (max-width: 150px) 100vw, 150px\" \/><\/a><\/p>","protected":false},"excerpt":{"rendered":"<p>Latest news you can find at the &nbsp;facebook Czech DX pedition group. Dates:&nbsp; Arrival : October 15th , Departure :October &nbsp;28th On air&nbsp;approx:&nbsp;limited\/building up October 15.-16., full operation planned from 17th&nbsp;till 27th (CQ WW included), dismantling 27.-28., departure on October 29th. early morning Call sign:&nbsp; 5K0K 2019 Operators: Petr OK1BOA, Petr OK1FCJ, Palo OK1CRM, Pavel &hellip; <a href=\"https:\/\/www.cdxp.cz\/?page_id=1163\" class=\"more-link\">Pokra\u010dov\u00e1n\u00ed textu <span class=\"screen-reader-text\">San Andres 2019<\/span> <span class=\"meta-nav\">&rarr;<\/span><\/a><\/p>\n","protected":false},"author":1,"featured_media":0,"parent":0,"menu_order":10,"comment_status":"closed","ping_status":"closed","template":"","meta":{"ngg_post_thumbnail":0,"footnotes":""},"class_list":["post-1163","page","type-page","status-publish","hentry"],"_links":{"self":[{"href":"https:\/\/www.cdxp.cz\/index.php?rest_route=\/wp\/v2\/pages\/1163","targetHints":{"allow":["GET"]}}],"collection":[{"href":"https:\/\/www.cdxp.cz\/index.php?rest_route=\/wp\/v2\/pages"}],"about":[{"href":"https:\/\/www.cdxp.cz\/index.php?rest_route=\/wp\/v2\/types\/page"}],"author":[{"embeddable":true,"href":"https:\/\/www.cdxp.cz\/index.php?rest_route=\/wp\/v2\/users\/1"}],"replies":[{"embeddable":true,"href":"https:\/\/www.cdxp.cz\/index.php?rest_route=%2Fwp%2Fv2%2Fcomments&post=1163"}],"version-history":[{"count":35,"href":"https:\/\/www.cdxp.cz\/index.php?rest_route=\/wp\/v2\/pages\/1163\/revisions"}],"predecessor-version":[{"id":2100,"href":"https:\/\/www.cdxp.cz\/index.php?rest_route=\/wp\/v2\/pages\/1163\/revisions\/2100"}],"wp:attachment":[{"href":"https:\/\/www.cdxp.cz\/index.php?rest_route=%2Fwp%2Fv2%2Fmedia&parent=1163"}],"curies":[{"name":"wp","href":"https:\/\/api.w.org\/{rel}","templated":true}]}}