{"id":972,"date":"2018-02-26T20:48:43","date_gmt":"2018-02-26T19:48:43","guid":{"rendered":"http:\/\/www.cdxp.cz\/?page_id=972"},"modified":"2024-08-30T12:48:21","modified_gmt":"2024-08-30T10:48:21","slug":"kosovo-2018","status":"publish","type":"page","link":"https:\/\/www.cdxp.cz\/?page_id=972","title":{"rendered":"Kosovo 2018"},"content":{"rendered":"<p>&nbsp;<\/p>\n<h3 style=\"text-align: center;\"><strong>Link to latest NEWS &#8211; \u00a0<a href=\"http:\/\/www.cdxp.cz\/?page_id=999\">Z66D NEWS<\/a><\/strong><\/h3>\n<p>&nbsp;<\/p>\n<p><img loading=\"lazy\" decoding=\"async\" class=\"aligncenter size-full wp-image-976\" src=\"http:\/\/www.cdxp.cz\/wp-content\/uploads\/2018\/02\/kv-area-2.gif\" alt=\"\" width=\"1200\" height=\"923\" \/><\/p>\n<p><strong>Dates:<\/strong>\u00a0 Arrival : 14th April , Departure : 22th April<br \/>\n<strong>On air<\/strong>\u00a0<strong>approx:<\/strong> limited\/building up 15,16th, full operation planned from 17th\u00a0till 21th, limited\/dismantling 22nd<\/p>\n<h5><strong>Call sign:<\/strong>\u00a0Z66D<\/h5>\n<p><strong>Operators: <\/strong>Petr OK1BOA, Palo OK1CRM, David OK6DJ,Petr OK1FCJ,Pavel OK1GK ,Ruda OK2ZA, Karel OK2ZI, Ludek OK2ZC<br \/>\nLimited operation &#8211; 4 days only : OK2ZI,OK2ZC,OK1GK<\/p>\n<div>\n<p><b>Operation modes: \u00a0<\/b>SSB, CW, RTTY (incl FT8)<\/p>\n<p><b>Radios:<\/b>\u00a01x ICOM 7800, 2 x ICOM 756 PRO III, ICOM 7300, FT5000, Elecraft K3, Kenwood TS480<\/p>\n<div>\u00a0<b>PA:<\/b>\u00a0Alpha 91B, KPA500, OM2000, RF Power<\/div>\n<div>\n<div>\n<div><b>Antennas:<\/b><\/div>\n<\/div>\n<div>2 x Spiderbeam<\/div>\n<div>1 x Hexbeam<\/div>\n<div>2el Ultrabeam<\/div>\n<div>1\/2 dipole 40m SSB<\/div>\n<div>1\/2 dipole 80m SSB<\/div>\n<div>Vertical 30m<\/div>\n<div>2 x beverages<\/div>\n<div>vertical 80m<\/div>\n<div>4SQ 40m<\/div>\n<div>vertical 160m<\/div>\n<p><strong>QSL<\/strong> via <strong>OK6DJ<\/strong>, OQRS, LOTW.<\/p>\n<div>\n<p class=\"p1\"><span class=\"s1\"><strong>OK6DJ QRZ address<\/strong>: David Beran, Dolni Kamenice 55, Holysov 34562, Czech Republic.<\/span><\/p>\n<\/div>\n<div>Help us reach our goal. Donate the DXpedition via paypal. Do not forget to provide your NAME and CALLSIGN and Email when donating:<\/div>\n<div>\n<p>E-mail:\u00a0<strong><a href=\"mailto:antsat@atlas.cz\">antsat (at) atlas (dot) cz<\/a>\u00a0<\/strong><\/p>\n<\/div>\n<p><a href=\"http:\/\/dxtrophy.jimdo.com\" target=\"_blank\" rel=\"noopener noreferrer\"><img loading=\"lazy\" decoding=\"async\" class=\"alignnone wp-image-995 size-thumbnail\" src=\"http:\/\/www.cdxp.cz\/wp-content\/uploads\/2018\/02\/FB_IMG_1522230639548-150x150.jpg\" alt=\"\" width=\"150\" height=\"150\" srcset=\"https:\/\/www.cdxp.cz\/wp-content\/uploads\/2018\/02\/FB_IMG_1522230639548-150x150.jpg 150w, https:\/\/www.cdxp.cz\/wp-content\/uploads\/2018\/02\/FB_IMG_1522230639548-300x300.jpg 300w, https:\/\/www.cdxp.cz\/wp-content\/uploads\/2018\/02\/FB_IMG_1522230639548.jpg 720w\" sizes=\"auto, (max-width: 150px) 100vw, 150px\" \/><\/a><\/p>\n<\/div>\n<\/div>\n","protected":false},"excerpt":{"rendered":"<p>&nbsp; Link to latest NEWS &#8211; \u00a0Z66D NEWS &nbsp; Dates:\u00a0 Arrival : 14th April , Departure : 22th April On air\u00a0approx: limited\/building up 15,16th, full operation planned from 17th\u00a0till 21th, limited\/dismantling 22nd Call sign:\u00a0Z66D Operators: Petr OK1BOA, Palo OK1CRM, David OK6DJ,Petr OK1FCJ,Pavel OK1GK ,Ruda OK2ZA, Karel OK2ZI, Ludek OK2ZC Limited operation &#8211; 4 days only &hellip; <a href=\"https:\/\/www.cdxp.cz\/?page_id=972\" class=\"more-link\">Pokra\u010dov\u00e1n\u00ed textu <span class=\"screen-reader-text\">Kosovo 2018<\/span> <span class=\"meta-nav\">&rarr;<\/span><\/a><\/p>\n","protected":false},"author":1,"featured_media":0,"parent":0,"menu_order":12,"comment_status":"closed","ping_status":"closed","template":"","meta":{"ngg_post_thumbnail":0,"footnotes":""},"class_list":["post-972","page","type-page","status-publish","hentry"],"_links":{"self":[{"href":"https:\/\/www.cdxp.cz\/index.php?rest_route=\/wp\/v2\/pages\/972","targetHints":{"allow":["GET"]}}],"collection":[{"href":"https:\/\/www.cdxp.cz\/index.php?rest_route=\/wp\/v2\/pages"}],"about":[{"href":"https:\/\/www.cdxp.cz\/index.php?rest_route=\/wp\/v2\/types\/page"}],"author":[{"embeddable":true,"href":"https:\/\/www.cdxp.cz\/index.php?rest_route=\/wp\/v2\/users\/1"}],"replies":[{"embeddable":true,"href":"https:\/\/www.cdxp.cz\/index.php?rest_route=%2Fwp%2Fv2%2Fcomments&post=972"}],"version-history":[{"count":24,"href":"https:\/\/www.cdxp.cz\/index.php?rest_route=\/wp\/v2\/pages\/972\/revisions"}],"predecessor-version":[{"id":1215,"href":"https:\/\/www.cdxp.cz\/index.php?rest_route=\/wp\/v2\/pages\/972\/revisions\/1215"}],"wp:attachment":[{"href":"https:\/\/www.cdxp.cz\/index.php?rest_route=%2Fwp%2Fv2%2Fmedia&parent=972"}],"curies":[{"name":"wp","href":"https:\/\/api.w.org\/{rel}","templated":true}]}}